89?
0
What is the thousands digit of 18134?
8
What is the hundreds digit of 782?
7
What is the tens digit of 110073?
7
What is the units digit of 1022?
2
What is the hundreds digit of 241?
2
What is the thousands digit of 68708?
8
What is the thousands digit of 13471?
3
What is the hundreds digit of 8780?
7
What is the thousands digit of 38003?
8
What is the units digit of 89?
9
What is the hundreds digit of 20071?
0
What is the thousands digit of 8342?
8
What is the tens digit of 71141?
4
What is the hundreds digit of 20819?
8
What is the tens digit of 12757?
5
What is the thousands digit of 10115?
0
What is the thousands digit of 42347?
2
What is the tens digit of 44347?
4
What is the thousands digit of 30457?
0
What is the ten thousands digit of 129323?
2
What is the hundreds digit of 53717?
7
What is the hundreds digit of 19506?
5
What is the tens digit of 951?
5
What is the thousands digit of 78866?
8
What is the tens digit of 752?
5
What is the tens digit of 132231?
3
What is the tens digit of 1155?
5
What is the hundreds digit of 1450?
4
What is the hundreds digit of 1782?
7
What is the hundreds digit of 1222?
2
What is the tens digit of 381?
8
What is the thousands digit of 4439?
4
What is the units digit of 7621?
1
What is the thousands digit of 20033?
0
What is the hundreds digit of 23538?
5
What is the units digit of 430?
0
What is the units digit of 1144?
4
What is the tens digit of 3169?
6
What is the hundreds digit of 178?
1
What is the units digit of 2192?
2
What is the hundreds digit of 2864?
8
What is the tens digit of 1182?
8
What is the hundreds digit of 15871?
8
What is the hundreds digit of 221?
2
What is the units digit of 888?
8
What is the tens digit of 734?
3
What is the hundreds digit of 102?
1
What is the hundreds digit of 693?
6
What is the tens digit of 1103?
0
What is the tens digit of 65504?
0
What is the tens digit of 106036?
3
What is the hundreds digit of 47256?
2
What is the thousands digit of 1418?
1
What is the units digit of 30729?
9
What is the hundreds digit of 5523?
5
What is the units digit of 181?
1
What is the tens digit of 52300?
0
What is the thousands digit of 5245?
5
What is the units digit of 37406?
6
What is the thousands digit of 1159?
1
What is the units digit of 1108?
8
What is the tens digit of 44199?
9
What is the hundreds digit of 1436?
4
What is the units digit of 77623?
3
What is the thousands digit of 51292?
1
What is the tens digit of 615?
1
What is the tens digit of 626?
2
What is the hundreds digit of 10020?
0
What is the units digit of 22906?
6
What is the tens digit of 29526?
2
What is the units digit of 5661?
1
What is the tens digit of 55200?
0
What is the units digit of 23547?
7
What is the units digit of 6874?
4
What is the thousands digit of 2393?
2
What is the thousands digit of 4432?
4
What is the tens digit of 3318?
1
What is the tens digit of 66?
6
What is the thousands digit of 14934?
4
What is the units digit of 33181?
1
What is the thousands digit of 199243?
9
What is the units digit of 11730?
0
What is the tens digit of 28121?
2
What is the tens digit of 6456?
5
What is the tens digit of 1325?
2
What is the thousands digit of 4027?
4
What is the units digit of 2576?
6
What is the hundreds digit of 2595?
5
What is the units digit of 3121?
1
What is the ten thousands digit of 25768?
2
What is the hundreds digit of 1064?
0
What is the units digit of 6915?
5
What is the ten thousands digit of 187495?
8
What is the units digit of 654?
4
What is the units digit of 1271?
1
What is the tens digit of 7741?
4
What is the tens digit of 20700?
0
What is the tens digit of 6749?
4
What is the units digit of 46352?
2
What is the units digit of 2062?
2
What is the tens digit of 22171?
7
What is the tens digit of 2340?
4
What is the ten thousands digit of 11483?
1
What is the thousands digit of 89033?
9
What is the tens digit of 118?
1
What is the hundred thousands digit of 136977?
1
What is the tens digit of 1774?
7
What is the ten thousands digit of 18318?
1
What is the ten thousands digit of 47431?
4
What is the hundreds digit of 2788?
7
What is the units digit of 122?
2
What is the thousands digit of 1390?
1
What is the units digit of 71277?
7
What is the thousands digit of 15802?
5
What is the thousands digit of 3294?
3
What is the units digit of 2049?
9
What is the tens digit of 6912?
1
What is the ten thousands digit of 11873?
1
What is the units digit of 35318?
8
What is the hundreds digit of 1874?
8
What is the tens digit of 127196?
9
What is the hundreds digit of 2766?
7
What is the tens digit of 821?
2
What is the units digit of 5469?
9
What is the tens digit of 2167?
6
What is the tens digit of 2175?
7
What is the hundreds digit of 2761?
7
What is the thousands digit of 1814?
1
What is the units digit of 1116?
6
What is the hundreds digit of 201?
2
What is the tens digit of 7066?
6
What is the units digit of 9334?
4
What is the units digit of 16958?
8
What is the hundreds digit of 665?
6
What is the ten thousands digit of 42920?
4
What is the hundreds digit of 584?
5
What is the hundreds digit of 338?
3
What is the ten thousands digit of 14289?
1
What is the tens digit of 39476?
7
What is the hundreds digit of 6178?
1
What is the tens digit of 4593?
9
What is the units digit of 1367?
7
What is the units digit of 23539?
9
What is the tens digit of 119?
1
What is the tens digit of 8133?
3
What is the units digit of 31714?
4
What is the thousands digit of 1499?
1
What is the hundreds digit of 536?
5
What is the ten thousands digit of 82667?
8
What is the tens digit of 1427?
2
What is the thousands digit of 10110?
0
What is the units digit of 927?
7
What is the hundreds digit of 2651?
6
What is the hundreds digit of 7734?
7
What is the thousands digit of 1714?
1
What is the tens digit of 6548?
4
What is the hundreds digit of 748?
7
What is the hundreds digit of 105937?
9
What is the units digit of 7858?
8
What is the tens digit of 3986?
8
What is the units digit of 105270?
0
What is the tens digit of 113?
1
What is the thousands digit of 21585?
1
What is the units digit of 1109?
9
What is the hundreds digit of 155?
1
What is the thousands digit of 1622?
1
What is the units digit of 11202?
2
What is the thousands digit of 11084?
1
What is the units digit of 1294?
4
What is the hundreds digit of 3696?
6
What is the tens digit of 1845?
4
What is the thousands digit of 36126?
6
What is the ten thousands digit of 61557?
6
What is the ten thousands digit of 65443?
6
What is the tens digit of 1091?
9
What is the units digit of 36658?
8
What is the tens digit of 6867?
6
What is the hundreds digit of 2362?
3
What is the tens digit of 20088?
8
What is the tens digit of 20005?
0
What is the tens digit of 53209?
0
What is the tens digit of 13832?
3
What is the tens digit of 2095?
9
What is the thousands digit of 20324?
0
What is the hundreds digit of 3967?
9
What is the units digit of 1622?
2
What is the units digit of 17957?
7
What is the hundreds digit of 6317?
3
What is the tens digit of 963?
6
What is the units digit of 1546?
6
What is the tens digit of 5021?
2
What is the ten thousands digit of 65607?
6
What is the units digit of 65565?
5
What is the hundreds digit of 3640?
6
What is the thousands digit of 3085?
3
What is the tens digit of 279?
7
What is the hundreds digit of 126413?
4
What is the thousands digit of 10767?
0
What is the hundreds digit of 1020?
0
What is the thousands digit of 7983?
7
What is the units digit of 11654?
4
What is the units digit of 207?
7
What is the units digit of 3501?
1
What is the units digit of 79365?
5
What is the hundreds digit of 427?
4
What is the tens digit of 7447?
4
What is the hundreds digit of 1351?
3
What is the units digit of 286?
6
What is the tens digit of 654?
5
What is the ten thousands digit of 63996?
6
What is the thousands digit of 122256?
2
What is the tens digit of 160?
6
What is the thousands digit of 4002?
4
What is the ten thousands digit of 13912?
1
What is the hundred thousands digit of 161215?
1
What is the tens digit of 50?
5
What is the hundreds digit of 27554?
5
What is the ten thousands digit of 64846?
6
What is the hundreds digit of 1765?
7
What is the tens digit of 16552?
5
What is the thousands digit of 2130?
2